 a616aa2 - -4?
a616aa6
In base 13, what is -101ba252c - 0?
-101ba252c
In base 5, what is 13120343 - -1044?
13121442
In base 12, what is 243408 + 1a06?
245212
In base 10, what is -5 + 149068713?
149068708
In base 7, what is 13 - -43512662?
43513005
In base 16, what is -39 - 4c0f4?
-4c12d
In base 11, what is 3 + 341a939?
341a941
In base 8, what is -21 + -1132536?
-1132557
In base 7, what is -502 + -166662?
-200464
In base 15, what is 149458b + -4?
1494587
In base 2, what is -1000111 - 101100111101111111010101?
-101100111110000000011100
In base 7, what is 11153444 + 304?
11154051
In base 2, what is -1111111111001 + -1110011011?
-10001110010100
In base 14, what is 22 - -704955?
704977
In base 5, what is -124422 + 1010212?
330240
In base 15, what is 3741b + -26?
373e5
In base 13, what is -24baa2 + -31?
-24bb03
In base 16, what is -644b6d + -26?
-644b93
In base 7, what is -12123 - -2544?
-6246
In base 12, what is 8a714 - -9?
8a721
In base 8, what is 6660 + 24544?
33424
In base 16, what is 42d7 - 2929?
19ae
In base 6, what is 4 - -104214105?
104214113
In base 2, what is 100101010101101001 + -100?
100101010101100101
In base 15, what is -47b37c - -4?
-47b378
In base 13, what is -69777cb + -7?
-6977805
In base 6, what is 5321 - 1142534?
-1133213
In base 6, what is 15440100 - -34?
15440134
In base 12, what is -1 + 20aa28b?
20aa28a
In base 7, what is -6 + 4325616?
4325610
In base 13, what is 47c + -52b79?
-526ca
In base 2, what is -1001110011000000011000 + 11110?
-1001110010111111111010
In base 3, what is 2001110200 - -12021211?
2020202111
In base 2, what is -1010010011110111 + 11010?
-1010010011011101
In base 11, what is 7599530 + 13?
7599543
In base 3, what is 120 - 12212202111?
-12212201221
In base 15, what is -3b84 + 5b16?
1e82
In base 3, what is -10110220002 - 2?
-10110220011
In base 4, what is 132 + -11031212101?
-11031211303
In base 9, what is 24444246 - -1?
24444247
In base 13, what is -4 + 30964066?
30964062
In base 4, what is -2010 - 23210311?
-23212321
In base 11, what is -126 + 761335?
76120a
In base 9, what is 227 - -36788?
37126
In base 13, what is -442 - 30754?
-30b96
In base 10, what is 12044 - -6970?
19014
In base 12, what is -660 + -14?
-674
In base 12, what is -27738 + 54?
-276a4
In base 7, what is -4 - 140562111?
-140562115
In base 8, what is -603505 + -11407?
-615114
In base 16, what is -4108 + -7ca4?
-bdac
In base 11, what is -8a331 - -109?
-8a223
In base 15, what is 3 - 19d9014?
-19d9011
In base 9, what is -1710 + 40182?
37372
In base 2, what is -1111 + -10001111101100101101010?
-10001111101100101111001
In base 2, what is 10110000001100011 + -1100100?
10101111111111111
In base 4, what is 112011003111301 + 11?
112011003111312
In base 16, what is -39 + -19e7e3?
-19e81c
In base 13, what is c41 + 92137?
93078
In base 15, what is 1 - 11e9422?
-11e9421
In base 3, what is -11110202110101112 + 0?
-11110202110101112
In base 6, what is -55301 - 115?
-55420
In base 8, what is 73231 - -13346?
106577
In base 15, what is -c5798 - -4?
-c5794
In base 3, what is -10010020121120210 + 21?
-10010020121120112
In base 7, what is -13355200 - -11?
-13355156
In base 11, what is -22 - -1a0805?
1a0793
In base 12, what is 9671 + 44b?
9b00
In base 9, what is -581153450 - 3?
-581153453
In base 4, what is -30 + -2022211230?
-2022211320
In base 11, what is 76345965 + -2?
76345963
In base 16, what is 58cf - -89?
5958
In base 2, what is 0 - 100111010100000011111?
-100111010100000011111
In base 8, what is 5144474 + -7?
5144465
In base 4, what is -113101102300023 + -3?
-113101102300032
In base 7, what is 62100221 + 1?
62100222
In base 8, what is 3 - 6601054?
-6601051
In base 13, what is -7 - -b7730?
b7726
In base 14, what is 82792d - -58?
827987
In base 9, what is -271 + 36132?
35751
In base 9, what is 3 - 17683676?
-17683673
In base 14, what is 93b0c + -17?
93ad5
In base 7, what is -1 - 164416114?
-164416115
In base 11, what is -a704 + -62a?
-10233
In base 3, what is 10021202 + -1120021222?
-1110000020
In base 3, what is 10011 - 220002210?
-212222122
In base 8, what is 2220161112 + 3?
2220161115
In base 14, what is b + -253ddc6?
-253ddb9
In base 12, what is 4 - -3191362?
3191366
In base 3, what is -1011010011212 + 211?
-1011010011001
In base 4, what is 2030313201010 - 3?
2030313201001
In base 6, what is -34352344 - 12?
-34352400
In base 7, what is -2 + 1626350156?
1626350154
In base 15, what is -1 + -9c724e?
-9c7250
In base 3, what is 12202221 - 212210022?
-200000101
In base 8, what is -3212506 - -2?
-3212504
In base 8, what is 607 + -7723?
-7114
In base 9, what is 205112 + 623?
205735
In base 8, what is 60265040 + -6?
60265032
In base 2, what is 100 + -1000010100011011001011010101?
-1000010100011011001011010001
In base 4, what is -10210 + -12101233?
-12112103
In base 13, what is -255a3 + -3c10?
-294b3
In base 5, what is -24334331344 - -1?
-24334331343
In base 11, what is a4514 - -215?
a4729
In base 10, what is 1110 - 104319?
-103209
In base 3, what is 210 - 111100102212022?
-111100102211112
In base 12, what is 2246b + 527?
22996
In base 10, what is -14 - 1557526?
-1557540
In base 7, what is 4622 + -11011?
-3056
In base 12, what is -940 - 277265?
-277ba5
In base 16, what is -4a5 + -14e31?
-152d6
In base 16, what is 246 + -1632e?
-160e8
In base 7, what is -30 - 3621163?
-3621223
In base 14, what is -550c5 + b1?
-55014
In base 7, what is 12232 + 631?
13163
In base 7, what is 3 - 1555243156?
-1555243153
In base 2, what is 11010110010101010 + -10111011?
11010101111101111
In base 2, what is -11001010010111 + -101001?
-11001011000000
In base 16, what is f2c7 - 58?
f26f
In base 9, what is 14 - 3620007?
-3618883
In base 2, what is 101011111101101101011 + 11101?
101011111101110001000
In base 11, what is -16943 + 38?
-16906
In base 13, what is -1 + 63b379?
63b378
In base 3, what is 201112012002 + 212?
201112012221
In base 6, what is 210125 + 15111?
225240
In base 7, what is -30 - -430214?
430154
In base 3, what is -21002 + 1102020011?
1101222002
In base 8, what is 120 - -7651120?
7651240
In base 6, what is -2010034120 + 14?
-2010034102
In base 6, what is 323402110 + 20?
323402130
In base 6, what is -42335253 - -2?
-42335251
In base 8, what is -3277 + 35122?
31623
In base 5, what is -401224 + 1111201?
204422
In base 7, what is 30402 + 340?
31042
In base 13, what is 8c9b9 - 27?
8c992
In base 10, what is -34 - -3888?
3854
In base 3, what is -202211020102211 - 1?
-202211020102212
In base 13, what is -61034470 - -4?
-61034469
In base 14, what is -a9b59a + -3?
-a9b59d
In base 2, what is 100000100 + 1101101110010100?
1101110010011000
In base 8, what is 3450305 - 163?
3450122
In base 7, what is 2154454 - 415?
2154036
In base 3, what is -22 + -20100201222011000?
-20100201222011022
In base 11, what is -24733 + 2882?
-21961
In base 9, what is -255 + -466175?
-466441
In base 11, what is -48 + -365876?
-365913
In base 3, what is 20201102000210020 + 10?
20201102000210100
In base 10, what is -92508066 - 0?
-92508066
In base 3, what is -10120100121 - 21?
-10120100212
In base 2, what is 1101001010 + 110000100010101111011?
110000100100011000101
In base 13, what is 2c + 53ac90a?
53ac939
In base 12, what is 36b48a - -1?
36b48b
In base 2, what is -1010100010000010001111 + 1111001?
-1010100010000000010110
In base 11, what is -19115808 - 13?
-19115820
In base 2, what is 10110100101010111011001000001 + 10?
10110100101010111011001000011
In base 16, what is 7747190 + 2?
7747192
In base 9, what is 616628055 - -3?
616628058
In base 4, what is -11 - -2133002000?
2133001323
In base 6, what is 4121451 + -242?
4121205
In base 4, what is -31010 + -1222111?
-1313121
In base 12, what is -4b2a - -2b96?
-1b54
In base 13, what is -15744 + 8a?
-15687
In base 13, what is 4 + -3046414?
-3046410
In base 6, what is -11105 - 102034?
-113143
In base 10, what is -360106944 + -2?
-360106946
In base 4, what is 3131 + -2230331201?
-2230322010
In base 9, what is -3 - -2342044?
2342041
In base 9, what is -2363 + 253?
-2110
In base 5, what is 4340313100 - -1?
4340313101
In base 5, what is 3112 + 22032042?
22040204
In base 5, what is 1112033331 - -3?
1112033334
In base 11, what is 1 - 24567?
-24566
In base 7, what is 5306 - 264402?
-256063
In base 8, what is -434 - -43435?
43001
In base 11, what is -2943a3 + 957?
-293547
In